 = 4*s - 95. Let a = s - 12. Calculate the remainder when 36 is divided by a.
17
Let r(b) = -b**2 - 7*b + 22. Let u be r(-9). Calculate the remainder when 42 is divided by ((-20)/2)/(5*u/(-30)).
12
Let y = 12 - 6. Let b be (-2 + 0)/2 - -4. Suppose b*v - 68 = -v. What is the remainder when v is divided by y?
5
Let d(k) = -7*k**3 - k**2 + k - 1. Let y be d(-2). Suppose y - 163 = -3*m. Let a = 17 + -4. Calculate the remainder when m is divided by a.
12
Let h be -2 - -2*(-20)/(-8). Suppose h*k - 16 = k. Let j(b) = 3*b**2 - 2*b + 1. Calculate the remainder when j(3) is divided by k.
6
Let t(g) = -g**3 + 8*g**2 - 3*g. Let j = -858 - -863. What is the remainder when t(7) is divided by j?
3
Suppose 9*t - 4*t + 63 = 2*i, 62 = 3*i - t. Calculate the remainder when 275 is divided by i.
9
Suppose 0 = 2*a - 4*a + 142. Calculate the remainder when a is divided by 1*(4 + 21) - 1.
23
Suppose -4*v + 4*k = -512, 0 = 12*k - 7*k + 15. Calculate the remainder when v is divided by 26.
21
Let p = 0 - -9. What is the remainder when 9 - (11/66 + 129/(-18)) is divided by p?
7
Let y be (0/(-5))/(1 + -2). Let q be (2 - -1)*(1 + y). Suppose 0 = -0*p - 2*p - g + 8, p + 4*g + q = 0. Calculate the remainder when 8 is divided by p.
3
Suppose -2*q - 522 = -898. Calculate the remainder when q is divided by 84.
20
Let q = -39 - -52. Suppose 0 = 7*l - 3*l - 368. Calculate the remainder when l is divided by q + 4 + (0 - -2).
16
Let q = -259 + 364. Calculate the remainder when 45/q + (-736)/(-14) is divided by 27.
26
Let a(z) = 2*z**3 + 19*z**2 - 13*z - 4. What is the remainder when 122 is divided by a(-10)?
18
Let w(i) = i + 6. Let k be 3/2*-2 + -5. Let r be w(k). What is the remainder when 29 is divided by 31/3 - r/(-6)?
9
Suppose -89 = -2*t + 3*g, 5*t - 15*g - 227 = -12*g. Suppose 2*u - 50 = -0*u. Calculate the remainder when t is divided by u.
21
Let k = 139 - -710. Calculate the remainder when k is divided by 34.
33
Suppose 26*u - 23*u - 231 = 0. What is the remainder when u is divided by 39?
38
Let a(i) = i**3 - 13*i**2 - 11*i - 19. Let j = 17 - 3. Calculate the remainder when 89 is divided by a(j).
20
Suppose -52*d - w = -50*d - 77, -d - w + 40 = 0. What is the remainder when 406 is divided by d?
36
Let h = 457 - 328. What is the remainder when h is divided by (-13 + 2)/(1/(-3))?
30
Suppose -3*f + 8 = -3*r + 44, f = 2. Suppose 0*g - 4*g = 12, 2*v + 2*g - r = 0. Calculate the remainder when 38 is divided by v.
8
Suppose 3*g + 2*v = 4*v + 32, 4*g - 4*v = 44. What is the remainder when 17 is divided by 66/g + 33/(-55)?
5
Let p = -3 - -11. What is the remainder when p + -4 + (0 - -71) is divided by 26?
23
Suppose -20*z = 166 - 706. What is the remainder when z is divided by 14?
13
Let h(c) = -8*c - 74. Calculate the remainder when 81 is divided by h(-11).
11
Suppose -30 = 7*p - 93. Let v = 144 - 101. Calculate the remainder when v is divided by p.
7
Suppose -v + 5*n + 6 - 19 = 0, -4*v - n + 11 = 0. Calculate the remainder when 57 is divided by -1*v/9 + (-274)/(-18).
12
Let j = 2 - -14. Let b(y) = -20*y - 48. Let r be b(-14). Suppose -82 = 5*w - r. Calculate the remainder when w is divided by j.
14
Suppose 6*c + 14 = -10. What is the remainder when (0 + 2/c)*-44 is divided by 12?
10
Let t(w) = w**2 + 3*w + 8. Let c be t(-4). Let k = 52 - c. What is the remainder when 115 is divided by k?
35
Calculate the remainder when (-150)/(-40) + -3 - 469/(-4) is divided by 26.
14
Let q(l) = 3*l + 2. Let a be q(3). Let x be a*1 - (-7 + 10). Suppose -3*g - 4*f + x = 0, -g + 0*f - 5*f = 1. Calculate the remainder when 11 is divided by g.
3
Let v = 2 - 2. Suppose -q + v*q + 15 = 0. What is the remainder when (-6)/(-24) + 115/4 is divided by q?
14
Let y be (23 - 24)*3*-1. Suppose 0 = y*w - 2*w - n - 10, -3*w + 46 = n. Calculate the remainder when 67 is divided by w.
11
Let g(y) = -y**3 - y**2 + 5*y + 2. Let h be g(-3). Suppose 10 = c - h. What is the remainder when c is divided by -6 + -3 + 5 + 0 - -13?
6
Suppose 2*t - g = -4*g + 62, 0 = 5*t - g - 121. Let s(j) = 4*j - 3. Calculate the remainder when t is divided by s(3).
7
Let r(p) = -2*p + 15. Let v be r(9). Calculate the remainder when 268 is divided by v + -3*(-57)/3.
52
Calculate the remainder when 6/4 + (-3320)/(-80) is divided by 24.
19
Suppose 2*g = -2*g - 12. Let w = -18 + 11. Let r = g - w. Calculate the remainder when 15 is divided by r.
3
Let o = -160 - -265. Suppose 5*l - 3*l - 20 = -d, -d + 24 = -2*l. What is the remainder when o is divided by d?
17
Let r = 77 - 42. Let p = r - 25. Calculate the remainder when 15 is divided by p.
5
Suppose -19*z + 36*z - 2567 = 0. What is the remainder when z is divided by 77?
74
Suppose 18*s - 60 - 256 = 44. Suppose 0 = -3*r + 4*u + 699, 2*u = -0*r + 2*r - 464. Calculate the remainder when (-2)/8 - r/(-4) is divided by s.
17
Suppose -117 = -12*g - g. Suppose b + 5*c = 8, 3*b - 4*b = -c - 2. Calculate the remainder when g is divided by b.
0
Let y(g) = g**3 + 15*g**2 + 14*g + 5. Let q be y(-14). Suppose -q*n = -2 + 22. Let d(c) = 5*c**2 + 4*c - 4. Calculate the remainder when d(n) is divided by 16.
12
Let j = 306 - 302. Suppose d + 3*u = -10, 5*d + 4*u - 6*u = -33. Calculate the remainder when (-121)/d + (-14)/49 is divided by j.
1
Suppose -12*c - 5*w - 51 = -13*c, c - 36 = 2*w. What is the remainder when 57 is divided by c?
5
Suppose 0 = -9*v + 369 + 90. Suppose -84 = -5*s - 2*o, 3*s + o + 0*o = v. Let f = -1 - -6. Calculate the remainder when s is divided by f.
3
Suppose 0*i = -i - 5, -2*w - 66 = -4*i. Let v = w - -92. Calculate the remainder when v is divided by 13.
10
Suppose 7*s - 650 = 2*s. Let x = 123 - 104. Calculate the remainder when s is divided by x.
16
Let y = 4 - -11. Let b(q) = -q**3 - 15*q**2 - 4*q + 7. Let d be b(-15). Suppose -8 = p - d. Calculate the remainder when p is divided by y.
14
Suppose -3*t + 0*n + 3*n + 303 = 0, -n + 315 = 3*t. Suppose 4*c - t = -4*c. Calculate the remainder when 25 is divided by c.
12
Let p = 218 + -93. Calculate the remainder when p is divided by 21.
20
Suppose 3*h - 25 = q - 3*q, -21 = -3*h - 3*q. Let l(w) = 9*w - 17. Let d be l(6). Let o = -5 + d. What is the remainder when o is divided by h?
10
Let p = -42 - -45. Let v = 1 + p. Calculate the remainder when v is divided by 1.
0
Let f(p) = 2*p**3 - 5*p**2 - 3*p + 5. What is the remainder when f(4) is divided by ((-882)/693)/((-2)/11)?
6
Let g = 598 + -580. What is the remainder when g is divided by 16?
2
Suppose -7*o = 59 - 3. What is the remainder when 94 is divided by (-11)/(-2) - (-4)/o?
4
Let p = -4756 - -4768. Let r(c) = c**3 - 2*c**2 - c**2 - 3*c + 2*c**3. What is the remainder when r(3) is divided by p?
9
Suppose 3*v - 2*v - 3 = 0, q = v + 280. Calculate the remainder when q is divided by 32.
27
Suppose -n - 2*z + 9 = -227, -3*n - 5*z + 703 = 0. What is the remainder when n is divided by 98?
30
Suppose -5*n = -0*s - s - 1003, s - 2 = 0. Let a be (273/(-12))/7*28. Let r = a + n. What is the remainder when r is divided by 28?
26
Suppose 0 = 4*n - x - 3*x - 8, -3*n - 2*x = -31. Suppose n*z + 107 - 660 = 0. Calculate the remainder when z is divided by 40.
39
What is the remainder when 61 is divided by 1560/84 + (-12)/(-28)?
4
Suppose 0 = -0*d - 11*d + 33. Suppose -d*h + 5*h = 20. Calculate the remainder when h is divided by 6.
4
Suppose -3*p - 10 + 10 = 0. Suppose -o - 3 = p, o - 1 = z + 3*o. Calculate the remainder when 29 is divided by z.
4
Suppose 72 = 5*r - 3*a, 3*r - 5*r = -3*a - 36. Let h = 14 - r. Suppose -h*x = -4*x + 32. What is the remainder when 61 is divided by x?
13
Suppose -24 - 26 = -5*p. Let h = 137 + -78. What is the remainder when h is divided by p?
9
Let z = 21 + -16. Suppose z*t = 3*c - 54, 3*t + 56 = 4*c - 5. Suppose -q + 0 = -c. Calculate the remainder when q is divided by 4.
1
Suppose 120 = x - 52. What is the remainder when x is divided by 27?
10
Let f(y) = 16*y**2 - 22*y + 124. Calculate the remainder when f(5) is divided by 137.
3
Let v(w) = 3*w + 223. What is the remainder when v(3) is divided by 78?
76
Suppose 3*b - 5*z - 1 = 0, b - 10 = -2*b - 4*z. Calculate the remainder when 2 is divided by b.
0
Suppose 2*m - 20 = 10. Let v(p) = -p**3 + 4*p**2 + p. Let d(q) = -3*q - 8. Let a be d(-4). Calculate the remainder when m is divided by v(a).
3
Let u = -29 - -29. Suppose 